{"id":16,"date":"2019-09-05T17:53:21","date_gmt":"2019-09-05T15:53:21","guid":{"rendered":"http:\/\/jegeremoncabinet.com\/?page_id=16"},"modified":"2022-02-11T16:45:05","modified_gmt":"2022-02-11T15:45:05","slug":"one-page-express-pro","status":"publish","type":"page","link":"https:\/\/jegeremoncabinet.com\/","title":{"rendered":"Accueil"},"content":{"rendered":"<div  id=\"presentation\" class=\"features-coloured-icon-boxes-section stripped-coloured-icon-boxes-undefined\" style=\"background-color: #ffffff;\" data-label=\"Presentation\" data-id=\"stripped-coloured-icon-boxes-undefined\" data-category=\"overlapable\" data-overlap=\"true\">\n<div  class=\"gridContainer\">\n<div  class=\"features-coloured-icon-boxes-innerrow flexbox-list dark-text\" data-type=\"row\">\n<div  class=\"features-coloured-icon-boxes-featurecol cp3cols\">\n<div  class=\"features-coloured-icon-boxes-iconcontainer\" data-content-item-container=\"true\"><\/div>\n<h4  class=\"\"><span style=\"font-family: verdana, geneva, sans-serif;\" >Conseils et assistance<\/span><\/h4>\n<p  class=\"\"><span style=\"font-family: verdana, geneva, sans-serif;\" >GCR21 vous apporte assistance et conseils dans la gestion de votre cabinet. Des experts \u00e0 votre service, avec plus de 20 ans d\u2019exp\u00e9rience dans le secteur de la radiologie<\/span><\/p>\n<a class=\"features-coloured-button button transparent\" href=\"#quisommesnous\" target=\"_self\" rel=\"noopener noreferrer\" data-icon=\"\">LIRE PLUS<\/a>\n\n<\/div>\n<div  class=\"features-coloured-icon-boxes-featurecol cp3cols\">\n<div  class=\"features-coloured-icon-boxes-iconcontainer\" data-content-item-container=\"true\"><\/div>\n<h4  class=\"\"><span style=\"font-family: verdana, geneva, sans-serif;\" >Prestations \u2013 Formations<\/span><\/h4>\n<p  class=\"\"><span style=\"font-family: verdana, geneva, sans-serif;\" >Depuis la prise en charge de votre comptabilit\u00e9 de tiers jusqu\u2019\u00e0 des formations CCAM pour une cotation contr\u00f4l\u00e9e et optimis\u00e9e, nos offres vous apportent tranquillit\u00e9 et s\u00e9r\u00e9nit\u00e9, n\u00e9cessaires \u00e0 l\u2019exercice de votre vrai m\u00e9tier.<\/span><\/p>\n<a class=\"features-coloured-button button transparent\" href=\"#nosoffres\" target=\"_self\" rel=\"noopener noreferrer\" data-icon=\"\">LIRE PLUS<\/a>\n\n<\/div>\n<div  class=\"features-coloured-icon-boxes-featurecol cp3cols\">\n<div  class=\"features-coloured-icon-boxes-iconcontainer\" data-content-item-container=\"true\"><\/div>\n<h4  class=\"\"><span style=\"font-family: verdana, geneva, sans-serif;\" >R.I.S<\/span><\/h4>\n<p  class=\"\"><span style=\"font-family: verdana, geneva, sans-serif;\" >Le RIS GCR21 r\u00e9ussi \u00e0 allier un socle fonctionnel complet avec une simplicit\u00e9 d\u2019utilisation qui est la caract\u00e9ristiques des offres web actuelles<\/span><\/p>\n<a class=\"features-coloured-button button transparent\" href=\"#RIS\" target=\"_self\" rel=\"noopener noreferrer\" data-icon=\"\">LIRE PLUS<\/a>\n\n<\/div>\n<div  class=\"features-coloured-icon-boxes-featurecol cp3cols\">\n<div  class=\"features-coloured-icon-boxes-iconcontainer\" data-content-item-container=\"true\"><\/div>\n<h4  class=\"\"><span style=\"font-family: verdana, geneva, sans-serif;\" >Logiciels et outils<\/span><span id=\"_mce_caret\" data-mce-bogus=\"1\" data-mce-type=\"format-caret\" ><span style=\"font-family: verdana, geneva, sans-serif;\" >\ufeff<\/span><\/span><\/h4>\n<p  class=\"\"><span style=\"font-family: verdana, geneva, sans-serif;\" >Une gamme de logiciels adapt\u00e9s vous permettra d\u2019analyser votre activit\u00e9 diff\u00e9remment des statistiques classiques , de contr\u00f4ler vos cotations pour les optimiser et \u00e9viter les erreurs qui peuvent vous \u00eatre reproch\u00e9es par la CCAM<\/span><\/p>\n<a class=\"features-coloured-button button transparent\" href=\"#modules\" target=\"_self\" rel=\"noopener noreferrer\" data-icon=\"\">LIRE PLUS<\/a>\n\n<\/div>\n<\/div>\n<\/div>\n<\/div><div  id=\"nos-offres\" class=\"content-full-right-image-section\" style=\"background-image: none; background-color: rgba(193, 209, 242, 0.66);\" data-label=\"Nos Offres\" data-id=\"content-full-right-image-section\" data-category=\"content\" data-ovid=\"ovid-nosoffres-106\" data-parallax-depth=\"20\">\n<div  class=\"content-full-right-image-innerrow\">\n<div  class=\"content-full-right-image-textcol dynamic-color\">\n<div  class=\"\" data-type=\"column\">\n<h2  class=\"\">Une offre globale et coh\u00e9rente<\/h2>\n<p  class=\"\">Parce qu\u2019 aujourd\u2019hui, il faut certes proposer des logiciels modernes et fiables mais il est surtout important d\u2019accompagner les centres de radiologie avec des services correspondants \u00e0 leurs besoins r\u00e9els.<\/p>\n\n<\/div>\n<div  class=\"content-full-right-image-featuresrow\">\n<div  class=\"content-full-right-image-featurescol\" data-type=\"column\">\n<h5  class=\"\">Une offre de services<\/h5>\n<h3  class=\"\"><span  style=\"font-weight: 600;\">GCR21\/Services<\/span><\/h3>\n<\/div>\n<div  class=\"content-full-right-image-featurescol\" data-type=\"column\">\n<h5  class=\"\">Une offre de logiciels<\/h5>\n<h3  class=\"\">GCR21\/Software<\/h3>\n<\/div>\n<\/div>\n<\/div>\n<div  class=\"content-full-right-image-imgcol\" style=\"background-image: url('https:\/\/jegeremoncabinet.com\/wp-content\/uploads\/2019\/09\/shutterstock_9483592.jpg');\" data-bg=\"image\"><\/div>\n<\/div>\n<\/div><div  id=\"experts\" class=\"content-full-left-image-section\" style=\"background-color: #f6f6f6;\" data-label=\"Experts\" data-id=\"content-full-left-image-section\" data-category=\"content\">\n<div  class=\"content-full-left-image-innerrow\">\n<div  class=\"content-full-left-image-imgcol\" style=\"background-image: url('https:\/\/jegeremoncabinet.com\/wp-content\/uploads\/2019\/09\/shutterstock_70285975.jpg');\" data-bg=\"image\"><\/div>\n<div  class=\"content-full-left-image-textcol dynamic-color\">\n<div  class=\"\" data-type=\"column\">\n<h5  class=\"\">Prestations de conseil, d\u2019assistance et de formation<\/h5>\n<h2  class=\"\">Des experts \u00e0 votre service<\/h2>\n<p  class=\"\">Une expertise, fruit de plus de 20 ans d\u2019interventions dans les centres de radiologie<\/p>\n\n<\/div>\n<div  class=\"content-full-left-image-featuresrow\">\n<div  class=\"content-full-left-image-featurescol\" data-type=\"column\">\n<h5  class=\"\">FORMATION<\/h5>\n<p  class=\"\">RIS, Gestion, CCAM, Formations sp\u00e9cialis\u00e9es<\/p>\n\n<h5  class=\"\">Comptabilit\u00e9 Auxiliaire<\/h5>\n<p  class=\"\">Expertise analyse de postes et conseils en organisation, suivi et contr\u00f4le r\u00e9gulier, prise en charge compl\u00e8te des op\u00e9rations comptables<\/p>\n\n<\/div>\n<div  class=\"content-full-left-image-featurescol\" data-type=\"column\">\n<h5  class=\"\">EXPERTISE<\/h5>\n<p  class=\"\">CCAM, comptabilit\u00e9, accueil, ..<\/p>\n\n<h5  class=\"\">Assistance informatique<\/h5>\n<p  class=\"\">Logiciel, mat\u00e9riel (serveur et postes de travail)<\/p>\n\n<\/div>\n<\/div>\n<\/div>\n<\/div>\n<\/div><div  id=\"ris\" class=\"content-right-image-section content-image-right\" style=\"background-color: rgba(247, 236, 217, 0.94); background-image: none;\" data-label=\"RIS\" data-id=\"content-image-right\" data-category=\"content\" data-ovid=\"ovid-ris-566\">\n<div  class=\"gridContainer\">\n<div  class=\"content-right-image-gridcol\">\n<div  class=\"content-right-image-textcol dynamic-color\" data-type=\"column\">\n<h2  class=\"\">Un RIS simple et efficace<\/h2>\n<p  class=\"large_text\"><span style=\"font-family: verdana, geneva, sans-serif;\" >Solution WEB d\u00e9velopp\u00e9e avec les derniers outils<\/span><\/p>\n<p  class=\"\"><span style=\"font-family: verdana, geneva, sans-serif;\" >Couvre toutes les fonctions classiques d\u2019un RIS<\/span><\/p>\n<p  class=\"\"><span style=\"font-family: verdana, geneva, sans-serif;\" >Permet de b\u00e9n\u00e9ficier du module d\u2019aide \u00e0 la cotation expert int\u00e9gr\u00e9e au RIS<\/span><\/p>\n\n\n<\/div>\n<div  class=\"content-right-image-imgcol\" data-type=\"column\"><img  class=\"ls-is-cached lazyloaded\" src=\"https:\/\/jegeremoncabinet.com\/wp-content\/uploads\/2019\/09\/shutterstock_72214708.jpg\" data-src=\"https:\/\/jegeremoncabinet.com\/wp-content\/plugins\/one-page-express-companion\/theme-data\/one-page-express\/sections\/images\/project1.jpg\"><\/div>\n<\/div>\n<\/div>\n<\/div><div  id=\"modules\" class=\"features-coloured-icon-boxes-section\" style=\"background-color: rgba(200, 214, 190, 0.62); background-image: none;\" data-label=\"Modules\" data-id=\"features-coloured-icon-boxes-section\" data-category=\"features\" data-ovid=\"ovid-modules-103\">\n<div  class=\"gridContainer\">\n<div  class=\"features-coloured-icon-boxes-textrow\">\n<div  class=\"features-coloured-icon-boxes-textcol dynamic-color\" data-type=\"column\">\n<h2  class=\"\"><span style=\"font-family: verdana, geneva, sans-serif;\" >Des modules pour vous simplifier la vie<\/span><\/h2>\n<p  class=\"\"><span style=\"font-family: verdana, geneva, sans-serif;\" >Ces modules peuvent \u00eatre accompagn\u00e9s d\u2019une offre d\u2019expertise ou de prestation vous permettant de d\u00e9charger compl\u00e8tement votre cabinet de t\u00e2ches complexes<\/span><\/p>\n\n<\/div>\n<\/div>\n<div  class=\"features-coloured-icon-boxes-innerrow flexbox-list dark-text\" data-type=\"row\">\n<div  class=\"features-coloured-icon-boxes-featurecol cp3cols cp6cols-tablet\">\n<div  class=\"features-coloured-icon-boxes-iconcontainer\" data-content-item-container=\"true\"><\/div>\n<h4  class=\"\">Module expert d\u2019aide \u00e0 la cotation CCAM<\/h4>\n<p  class=\"\">Contr\u00f4le interactif d\u00e8s la cotation des interdictions<\/p>\nConseils expert sur cotations non optimis\u00e9es\n\n<a class=\"features-coloured-button button transparent\" href=\"#cotationauto\" target=\"_self\" rel=\"noopener noreferrer\" data-icon=\"\">LIRE PLUS<\/a>\n\n<\/div>\n<div  class=\"features-coloured-icon-boxes-featurecol cp3cols cp6cols-tablet\">\n<div  class=\"features-coloured-icon-boxes-iconcontainer\" data-content-item-container=\"true\"><\/div>\n<h4  class=\"\">Module gestion des tiers payants<\/h4>\n<p  class=\"\">Rapprochement bancaire automatis\u00e9, r\u00e9cup\u00e9ration automatique des d\u00e9comptes de paiements<\/p>\n<a class=\"features-coloured-button button transparent\" href=\"#modulerapprochementbancaire\" target=\"_self\" rel=\"noopener noreferrer\" data-icon=\"\">LIRE PLUS<\/a>\n\n<\/div>\n<div  class=\"features-coloured-icon-boxes-featurecol cp3cols cp6cols-tablet\">\n<div  class=\"features-coloured-icon-boxes-iconcontainer\" data-content-item-container=\"true\"><\/div>\n<h4  class=\"\">Module production Indicateurs comptables<\/h4>\n<p  class=\"\">A destination du cabinet comptable<\/p>\nA destination du conseil CCAM\n\n<a class=\"features-coloured-button button transparent\" href=\"#indicateurs\" target=\"_self\" rel=\"noopener noreferrer\" data-icon=\"\">LIRE PLUS<\/a>\n\n<\/div>\n<\/div>\n<\/div>\n<\/div><div  id=\"modulerapprochementbancaire\" class=\"features-small-icon-cards-section\" style=\"background-color: #f6f6f6;\" data-label=\"Modulerapprochementbancaire\" data-id=\"features-small-icon-cards-section\" data-category=\"features\">\n<div  class=\"gridContainer\">\n<div  class=\"features-small-icon-cards-textrow\">\n<div  class=\"features-small-icon-cards-textcol dynamic-color\" data-type=\"column\">\n<h2  class=\"\"><span style=\"font-family: verdana, geneva, sans-serif;\" >Module gestion tiers payants<\/span><\/h2>\n<p  class=\"\"><span style=\"font-family: verdana, geneva, sans-serif;\" >L\u2019utilisation de ce module vous apporte un gain de temps inestimable dans votre gestion tiers payants<\/span><\/p>\n\n<\/div>\n<\/div>\n<div  class=\"features-small-icon-cards-featuresrow dark-text\" data-type=\"row\">\n<div  class=\"features-small-icon-cards-featcol cp6cols\">\n<div  class=\"features-small-icon-cards-featinnerrow\">\n<div  class=\"features-small-icon-cards-iconcol\"><\/div>\n<div  class=\"features-small-icon-cards-feattextcol\" data-type=\"column\">\n<h4  class=\"\">Relev\u00e9 de banque<\/h4>\n<p  class=\"\">Int\u00e9gration du relev\u00e9 de banque<\/p>\n\n<\/div>\n<\/div>\n<\/div>\n<div  class=\"features-small-icon-cards-featcol cp6cols\">\n<div  class=\"features-small-icon-cards-featinnerrow\">\n<div  class=\"features-small-icon-cards-iconcol\"><\/div>\n<div  class=\"features-small-icon-cards-feattextcol\" data-type=\"column\">\n<h4  class=\"\">Liaison RIS<\/h4>\n<p  class=\"\">Int\u00e9gration automatique des paiements rapproch\u00e9s dans le RIS<\/p>\n\n<\/div>\n<\/div>\n<\/div>\n<div  class=\"features-small-icon-cards-featcol cp6cols\">\n<div  class=\"features-small-icon-cards-featinnerrow\">\n<div  class=\"features-small-icon-cards-iconcol\"><\/div>\n<div  class=\"features-small-icon-cards-feattextcol\" data-type=\"column\">\n<h4  class=\"\">D\u00e9comptes de paiement<\/h4>\n<p  class=\"\">Int\u00e9gration du retour No\u00e9mie et Int\u00e9gration des d\u00e9comptes de paiements provenant des sites des organismes<\/p>\n\n<\/div>\n<\/div>\n<\/div>\n<div  class=\"features-small-icon-cards-featcol cp6cols\">\n<div  class=\"features-small-icon-cards-featinnerrow\">\n<div  class=\"features-small-icon-cards-iconcol\"><\/div>\n<div  class=\"features-small-icon-cards-feattextcol\" data-type=\"column\">\n<h4  class=\"\">Comptabilit\u00e9<\/h4>\n<p  class=\"\">Affectation automatique des num\u00e9ros suivant la plan comptable et export vers les logiciels&nbsp; de comptabilit\u00e9 ou directement \u00e0 votre expert-comptable.<\/p>\n\n<\/div>\n<\/div>\n<\/div>\n<div  class=\"features-small-icon-cards-featcol cp6cols\">\n<div  class=\"features-small-icon-cards-featinnerrow\">\n<div  class=\"features-small-icon-cards-iconcol\"><\/div>\n<div  class=\"features-small-icon-cards-feattextcol\" data-type=\"column\">\n<h4  class=\"\">Relances<\/h4>\n<p  class=\"\">Automatisation des relances par motif pour \u00e9viter les appels patient. Economie du co\u00fbt des relances gr\u00e2ce \u00e0 l\u2019 envoi par courriel<\/p>\n\n<\/div>\n<\/div>\n<\/div>\n<div  class=\"features-small-icon-cards-featcol cp6cols\">\n<div  class=\"features-small-icon-cards-featinnerrow\">\n<div  class=\"features-small-icon-cards-iconcol\"><\/div>\n<div  class=\"features-small-icon-cards-feattextcol\" data-type=\"column\">\n<h4  class=\"\">Rapprochement<\/h4>\n<p  class=\"\">Rapprochement bancaire automatique des d\u00e9comptes de paiements<\/p>\n\n<\/div>\n<\/div>\n<\/div>\n<\/div>\n<\/div>\n<\/div><div  id=\"cotationauto\" class=\"features-small-icon-cards-section features-small-icon-cards-section-undefined\" style=\"background-color: #ededb6; background-image: none;\" data-label=\"CotationAuto\" data-id=\"features-small-icon-cards-section-undefined\" data-category=\"features\" data-ovid=\"ovid-cotationauto-405\">\n<div  class=\"gridContainer\">\n<div  class=\"features-small-icon-cards-textrow\">\n<div  class=\"features-small-icon-cards-textcol dynamic-color\" data-type=\"column\">\n<h2  class=\"\"><span style=\"font-family: verdana, geneva, sans-serif;\" >Cotation Expert Assist\u00e9e<\/span><\/h2>\n<p  class=\"\"><span style=\"font-family: verdana, geneva, sans-serif;\" >Dans un environnement tarifaire en constante \u00e9volution et devant des risques&nbsp; de plus en plus nombreux li\u00e9s \u00e0 une complexit\u00e9 qui&nbsp; augmente sans cesse, notre module expert vous assure une facturation <span  style=\"text-decoration: underline;\"><span  style=\"font-weight: 400; font-style: italic;\">\u00ab&nbsp;juste&nbsp;\u00bb<\/span><\/span><\/span><\/p>\n<a class=\"button color3 dark-text\" href=\"https:\/\/jegeremoncabinet.com?page_id=109\" target=\"_self\" rel=\"noopener noreferrer\" data-icon=\"\">Lire plus<\/a>\n\n<\/div>\n<\/div>\n<div  class=\"features-small-icon-cards-featuresrow dark-text\" data-type=\"row\">\n<div  class=\"features-small-icon-cards-featcol cp6cols\">\n<div  class=\"features-small-icon-cards-featinnerrow\">\n<div  class=\"features-small-icon-cards-iconcol\"><\/div>\n<div  class=\"features-small-icon-cards-feattextcol\" data-type=\"column\">\n<h4  class=\"\"><span style=\"font-family: verdana, geneva, sans-serif;\" >Evite les risques de sous facturation<\/span><\/h4>\n<p  class=\"\"><span style=\"font-family: verdana, geneva, sans-serif;\" >\u2013 Actes r\u00e9alis\u00e9s, non cot\u00e9s =&gt; non factur\u00e9s.\n\n<\/span><\/p>\n\u2013 Erreur de codification CCAM.\n\n\n\u2013 Discordance entre l\u2019examen report\u00e9 dans le compte&nbsp; &nbsp; &nbsp; &nbsp; &nbsp;rendu et celui qui a \u00e9t\u00e9 r\u00e9ellement r\u00e9alis\u00e9.\n\n\u2013 M\u00e9connaissance de la CCAM et des r\u00e8gles de facturation.\n\n<\/div>\n<\/div>\n<\/div>\n<div  class=\"features-small-icon-cards-featcol cp6cols\">\n<div  class=\"features-small-icon-cards-featinnerrow\">\n<div  class=\"features-small-icon-cards-iconcol\"><\/div>\n<div  class=\"features-small-icon-cards-feattextcol\" data-type=\"column\">\n<h4  class=\"\"><span style=\"font-family: verdana, geneva, sans-serif;\" >Evite les risques de sur facturation<\/span><\/h4>\n<p  class=\"\"><span style=\"font-family: verdana, geneva, sans-serif; font-weight: 200;\" >\u2013 Erreur de codification CCAM.\n\n<br ><br >\n\n\u2013 Discordance entre l\u2019examen report\u00e9 dans le compte rendu et celui qui a \u00e9t\u00e9 r\u00e9ellement r\u00e9alis\u00e9.\n\n<br ><br >\n\n\u2013 M\u00e9connaissance de la CCAM et des r\u00e8gles de facturation.\n\n<br ><br >\u2013 Actes inutiles ou bien qui ne sont pas&nbsp; \u00ab&nbsp;justifi\u00e9s m\u00e9dicalement&nbsp;\u00bb.<\/span><\/p>\n\n<\/div>\n<\/div>\n<\/div>\n<\/div>\n<\/div>\n<\/div><div  id=\"cotationauto2\" class=\"about-image-section-pro\" style=\"background-color: #f6f6f6;\" data-label=\"CotationAuto2\" data-id=\"about-image-section-pro\" data-category=\"about\">\n<div  class=\"gridContainer\">\n<div  class=\"row about-image-gridcol-pro\">\n<div  class=\"about-image-textcol-pro\" data-type=\"column\">\n<h2  class=\"\">Une interface simple et intuitive<\/h2>\n<p  class=\"\"><span style=\"font-family: verdana, geneva, sans-serif;\" >Vous choisissez vos actes avec un outil graphique convivial.\nLa s\u00e9lection des zones permet d\u2019\u00e9tablir une cotation \u201csaisie\u201d. Un clic et nous contr\u00f4lons cette cotation. Nous&nbsp; vous proposons \u00e9ventuellement&nbsp; une cotation plus adapt\u00e9e ou corrig\u00e9e s\u2019il y a des erreurs.<\/span><\/p>\nL\u2019utilisation du RIS <span  style=\"font-style: italic; font-weight: 900;\" class=\"\">GCR21<\/span> vous permet l\u2019alimentation de la cotation&nbsp; sans saisie suppl\u00e9mentaire. Toutes vos cotations peuvent alors \u00eatre contr\u00f4l\u00e9es sans charge suppl\u00e9mentaire. La cotation propos\u00e9e peut \u00e9galement \u00eatre transmise au RIS automatiquement&nbsp; : <span  style=\"font-weight: 600;\" class=\"\"><span  style=\"text-decoration: underline; font-style: italic;\">Optimisation et s\u00e9curit\u00e9 sans effort suppl\u00e9mentaire<\/span>.<\/span>\n\n<\/div>\n<div  class=\"\" data-type=\"column\"><img  class=\"about-image-img-pro lazyloaded\" src=\"https:\/\/jegeremoncabinet.com\/wp-content\/uploads\/2019\/10\/cotationAuto-2.png\" data-src=\"https:\/\/jegeremoncabinet.com\/wp-content\/uploads\/2019\/10\/cotationAuto-2.png\"><\/div>\n<\/div>\n<\/div>\n<\/div><div  id=\"indicateurs\" class=\"content-left-image-section content-image-left\" style=\"background-color: #ffffff;\" data-label=\"Indicateurs\" data-id=\"content-image-left\" data-category=\"content\">\n<div  class=\"gridContainer\">\n<div  class=\"row\">\n<div  class=\"content-left-image-imgcol\" data-type=\"column\"><img  class=\"custom-image lazyloaded alignnone\" src=\"https:\/\/jegeremoncabinet.com\/wp-content\/uploads\/2019\/09\/shutterstock_74294053.jpg\" data-src=\"https:\/\/jegeremoncabinet.com\/wp-content\/uploads\/2019\/09\/shutterstock_74294053.jpg\"><\/div>\n<div  class=\"content-left-image-textcol dynamic-color\" data-type=\"column\">\n<h2  class=\"\"><span style=\"font-family: verdana, geneva, sans-serif;\" >Indicateurs comptables<\/span><\/h2>\n<p  class=\"\"><span style=\"font-family: verdana, geneva, sans-serif;\" >Aujourd\u2019hui dans la plupart des RIS<\/span><span id=\"_mce_caret\" data-mce-bogus=\"1\" data-mce-type=\"format-caret\" ><span style=\"font-family: verdana, geneva, sans-serif;\" >\ufeff<\/span><\/span><\/p>\n\n<ol  class=\"\">\n \t<li >Les r\u00e9sultats issus de l\u2019activit\u00e9 ne permettent pas une vue d\u2019ensemble, mais fonctionnent comme des compteurs (nombre de radio du genou avec la somme globale du CA r\u00e9alis\u00e9, \u2026).<\/li>\n \t<li >Le montant du chiffre d\u2019affaire est souvent globalis\u00e9 ( en associant des examens n\u2019ayant pas la m\u00eame finalit\u00e9 m\u00eame s\u2019ils sont de la m\u00eame famille). Par exemple comptabiliser une arthrographie avec un acte de radiologie conventionnelle simple n\u2019a pas de sens quand ce dernier est plut\u00f4t r\u00e9alis\u00e9 en association avec un acte interventionnel comme une infiltration.<\/li>\n<\/ol>\n<p  class=\"\"><span style=\"font-family: verdana, geneva, sans-serif; font-weight: 200;\" >Le module \u00ab gestion avanc\u00e9e \u00bb permet l\u2019\u00e9laboration de tableaux de bord \u00ab dynamiques \u00bb . Il fait une analyse juste de l\u2019activit\u00e9 en y int\u00e9grant le lien panier de soin\/pathologie du patient : un changement de paradigme qui fera passer d\u2019une gestion de co\u00fbt unitaire \u00e0 un gestion globale (int\u00e9grant tous les gestes pratiqu\u00e9s et n\u00e9cessaires \u00e0 la prise en charge du patient)<\/span><\/p>\nL\u2019avantage du module gestion avanc\u00e9e est une meilleure visibilit\u00e9, non plus bas\u00e9e sur la quantitatif mais sur le qualitatif, permettant l\u2019 \u00e9valuation du prix de revient r\u00e9el d\u2019un acte ou d\u2019une s\u00e9rie d\u2019acte, une information calibr\u00e9e, notamment \u00e0 destination des cabinets comptables dont souvent les ratios moyens calcul\u00e9s ne permettent pas une analyse fine et particuli\u00e8rement de pouvoir d\u00e9terminer de fa\u00e7on objective, si un investissement dans une nouvelle machine serait ou pas rentable dans le cadre de l\u2019activit\u00e9.\n\n<\/div>\n<\/div>\n<\/div>\n<\/div>","protected":false},"excerpt":{"rendered":"<p>Conseils et assistance GCR21 vous apporte assistance et conseils dans la gestion de votre cabinet. Des experts \u00e0 votre service, avec plus de 20 ans d\u2019exp\u00e9rience dans le secteur de la radiologie LIRE PLUS Prestations \u2013 Formations Depuis la prise en charge de votre comptabilit\u00e9 de tiers jusqu\u2019\u00e0 des formations CCAM pour une cotation contr\u00f4l\u00e9e&hellip; <br \/> <a class=\"button small blue\" href=\"https:\/\/jegeremoncabinet.com\/?p=1\">Lire la suite<\/a><\/p>\n","protected":false},"author":1,"featured_media":0,"parent":0,"menu_order":0,"comment_status":"closed","ping_status":"closed","template":"","meta":{"spay_email":""},"_links":{"self":[{"href":"https:\/\/jegeremoncabinet.com\/index.php?rest_route=\/wp\/v2\/pages\/16"}],"collection":[{"href":"https:\/\/jegeremoncabinet.com\/index.php?rest_route=\/wp\/v2\/pages"}],"about":[{"href":"https:\/\/jegeremoncabinet.com\/index.php?rest_route=\/wp\/v2\/types\/page"}],"author":[{"embeddable":true,"href":"https:\/\/jegeremoncabinet.com\/index.php?rest_route=\/wp\/v2\/users\/1"}],"replies":[{"embeddable":true,"href":"https:\/\/jegeremoncabinet.com\/index.php?rest_route=%2Fwp%2Fv2%2Fcomments&post=16"}],"version-history":[{"count":62,"href":"https:\/\/jegeremoncabinet.com\/index.php?rest_route=\/wp\/v2\/pages\/16\/revisions"}],"predecessor-version":[{"id":195,"href":"https:\/\/jegeremoncabinet.com\/index.php?rest_route=\/wp\/v2\/pages\/16\/revisions\/195"}],"wp:attachment":[{"href":"https:\/\/jegeremoncabinet.com\/index.php?rest_route=%2Fwp%2Fv2%2Fmedia&parent=16"}],"curies":[{"name":"wp","href":"https:\/\/api.w.org\/{rel}","templated":true}]}}